 u, u - 4*i + 0*i = 9. Is n(u) a composite number?
False
Let g = 540 - 314. Let t(o) = -o**3 - 8*o**2 - 15*o + 4. Let r be t(-5). Suppose -g = -4*z - r*b + 850, -3*b = -4*z + 1048. Is z a prime number?
False
Let j = -35373 - -59984. Is j prime?
True
Let c(g) = -g**3 - g**2 + 5*g - 6. Let i be c(2). Is (-1)/(-4) + (-3838)/i + -2 prime?
False
Let n(c) = 68*c**2 - 3*c - 3. Let f be n(-3). Suppose 5*h - f = -4*d, 10 = -3*h - 2*h. Is d a composite number?
False
Let o(n) = 33*n + 4. Let z(m) = 1. Let p(a) = -o(a) - 6*z(a). Is p(-3) prime?
True
Suppose 2*t = 2*s, 0 = 3*t - 4*t + 4*s + 6. Let a = 0 - t. Suppose -5*v + n = -a*n - 124, -5*v - 4*n = -103. Is v a composite number?
False
Suppose -43 - 8 = 5*c + x, -19 = c - 2*x. Let l(p) = -2 + p**3 - p**2 + 12*p**2 - 14 - 13*p. Is l(c) prime?
True
Suppose -4*g - 1 = 7. Let i be 300/42 + g/14. Let j(t) = t**2 - 3*t - 6. Is j(i) prime?
False
Suppose -10*h = -185975 - 123735. Is h composite?
False
Suppose -3*t + 4*r = 2*r - 125, t - 4*r - 45 = 0. Let g = 408 + t. Is g a composite number?
False
Let r(z) be the third derivative of 49*z**5/60 + 2*z**3/3 - 8*z**2. Is r(5) a composite number?
False
Let x(h) = 886*h**3 + 2*h**2 - h + 1. Let r be x(1). Let s = r - 601. Is s a composite number?
True
Suppose 12 = 4*x - 4. Suppose g - c = 8, -x*g + 3*c = 2*c - 17. Suppose 1543 + 20 = g*v. Is v composite?
False
Let a(l) = -l**2 + 15*l + 3. Let r be a(15). Suppose -658 + 85 = -r*i. Is i composite?
False
Let k = 5202 + -3530. Suppose 4*d = -104 + k. Let u = 747 - d. Is u a composite number?
True
Suppose -1 = -6*m + 5*m. Is (-42492)/(-18)*m - 2/(-6) composite?
True
Suppose o = 12*o - 1958. Is o composite?
True
Let t(q) = -279*q - 1. Let c be (12/30)/(2/10). Suppose 0 = c*y - 7*y - 10. Is t(y) a prime number?
True
Suppose -i = 3*g + 18, -4*g - 4*i + 7 - 39 = 0. Let w be -1136 + g + 0 + 3. Is w/(-12) - (-3)/18 prime?
False
Suppose 90 = -5*q + 20. Is (1575 - q) + -3*(-2)/3 a composite number?
True
Let r(d) = -1452*d - 37. Is r(-3) a composite number?
True
Suppose -89 = -2*p + 61. Suppose w - 22 = -x, 4*w - p = -2*x + 9. Let z = w - 13. Is z a composite number?
False
Let m = 9268 + -6449. Is m a composite number?
False
Suppose -3*u = a + 22 - 8, 2*a + 8 = -u. Let n(r) = -r**2 - 2. Let j(g) = -g**2 + g - 4. Let y(z) = 2*j(z) - 5*n(z). Is y(a) composite?
True
Suppose -4*u + 13929 = -u. Is u a prime number?
True
Let m = -34 + 51. Suppose 2*y + m = 5*l - 0*l, -4*y - 13 = -3*l. Is 236/6 + y/3 prime?
False
Let l(d) = 46*d**3 + 12*d**2 + 3*d - 9. Is l(4) prime?
False
Suppose 22*o - 26*o + 5*n = -24053, -n = -4*o + 24033. Is o a prime number?
True
Let g(t) = t**3 - 4*t**2 + 5. Let x be g(4). Suppose i - 3*r + 0*r - 1822 = 0, -2*i = x*r - 3589. Is i a composite number?
True
Suppose -5*j + 569 = 24. Let w = j + 22. Is w prime?
True
Let y = 3888 + -1166. Is y a prime number?
False
Let g = 17313 + -7546. Is g a prime number?
True
Suppose s + 7*s - 37152 = 0. Suppose 2*a = -5*g + s, -5*a + 3*a + 4638 = 2*g. Is a prime?
False
Let j be 2/3 - (-10)/3. Let d be (130/13 - -2)*(-2122)/(-4). Suppose -d = -2*q - j*q. Is q a prime number?
True
Is (-816555)/(-135) + 16/36 composite?
True
Let m be 3 + 0 - (3 - 2). Let x be (m - 26)/((-4)/(-62)). Let u = x + 550. Is u a composite number?
True
Let o(f) = -11*f**3 + 9*f**2 - 71*f - 34. Is o(-15) a prime number?
False
Suppose 36860 = 5*p - m - 7225, 44085 = 5*p + 4*m. Is p a composite number?
True
Suppose -109806 = -3*y + 7*q - 4*q, 3*q = -9. Is y composite?
False
Let b(z) = -2*z**3 - z**2 + z. Let n be b(1). Is (n - -1) + 34 + -7 a prime number?
False
Let i(l) = 30*l**2 - 4*l + 4. Is i(-7) prime?
False
Let p(l) = 3*l**3 - 119*l**2 + 36*l + 103. Is p(45) prime?
True
Let d(b) be the third derivative of b**5/60 + 5*b**4/24 + b**3/3 - 7*b**2. Let c be d(-5). Suppose 255 = 3*q + c*q. Is q a composite number?
True
Suppose -2*q - 16 = -0*q. Is q/(-12) - (-1538)/6 a prime number?
True
Is 27880470/486 - (-6)/(-27) composite?
False
Suppose 0 = -0*r + 2*r - 4. Suppose -l - 248 = -3*b, 0 = -0*b + 5*b - r*l - 413. Is b a composite number?
False
Is ((6065/(-2))/(-5))/((-7)/(-70)) a prime number?
False
Let b be ((-96)/(-40))/(4/(-1990)). Let m = 2718 + b. Suppose -1124 = -4*w + m. Is w composite?
True
Let p be 13 - 54 - 1*2. Let c = p + 246. Is c a prime number?
False
Let s = -436 + 2253. Is s prime?
False
Suppose -x = 4*y - 12, 0 = -2*x + 3*y + 5 - 3. Let k(d) = d**3 + 7 + d**3 - 6*d + 2*d + 0*d. Is k(x) a prime number?
False
Let o = 190 + -185. Let p(d) = d**3 + 4*d**2 + 2*d - 1. Let h be p(-3). Suppose o*v = 4*a + 623, -2*a - 363 = -h*v - 113. Is v a prime number?
False
Let v(s) = s**2 + s - 1. Let l be v(-3). Suppose -l*h = -7479 - 7946. Is h a composite number?
True
Suppose -h - 3 = -3*i - 56, -3*i - 5*h = 59. Is 4/i - 4690/(-126) a composite number?
False
Suppose -4*n = -f - 9*n - 24, 3*n = -5*f - 32. Let z(j) = j**3 + 4*j**2 - 2. Let c be z(f). Is 248/18 + c/(-9) composite?
True
Suppose 96*n - 13*n = 599177. Is n a prime number?
True
Let y(b) = -b**3 + 5*b**2 - 5*b. Let v be y(4). Is v/((-16)/(-20))*381/(-3) prime?
False
Suppose b + 4552 = p, -22*p + 24*p - 9069 = -5*b. Is p prime?
True
Is 39768/(12 + -4) - 8 a prime number?
False
Let u be (8 - 4) + -5 + -2 + 8. Suppose u*r + 3502 - 10427 = 0. Is r a composite number?
True
Let w(g) = -6*g**2 + 77 + 2*g - 548*g**3 + 5*g**2 + 547*g**3 - g. Is w(0) prime?
False
Let y be ((-2)/(-5))/(4/140). Let v(f) = -f**2 + 14*f + 2. Let n be v(y). Is n/(-4)*(-368 - -14) composite?
True
Suppose -28*q = -30*q + 2098. Is q a composite number?
False
Let x = -214 + 668. Let i be (0 - 0) + (-169 - 14). Let w = x + i. Is w a prime number?
True
Let c be ((-1)/(-3))/(1/15). Suppose 0 = n + 4*n - 320. Suppose c*r - 1069 = -n. Is r a prime number?
False
Is (-5046624)/(-544) + 4/34 a composite number?
False
Let v(a) = a**3 + 51*a**2 - 43*a + 257. Is v(-50) a prime number?
False
Suppose -4*j - 56 = -6*o + 3*o, 5*j + 58 = 3*o. Let p(m) = 2*m**3 - 10*m**2 + 9*m + 3. Is p(o) prime?
True
Let o(d) = 3*d + 1458. Let c be o(0). Suppose -5*f = -427 - c. Is f composite?
True
Let a(f) = f**2 - 9*f - 7. Let d be a(11). Is 1*(-5)/(d/(-4413)) prime?
True
Suppose -t - 5*x = -46988, -32*x + 187974 = 4*t - 34*x. Is t a composite number?
False
Suppose -200 = t - 3*t. Let l = 223 + t. Is l prime?
False
Is ((-37104)/(-56))/(10/35) a composite number?
True
Let a(s) = -s**2 - 17*s - 11. Let k be a(-16). Suppose 5*h - 3955 = -k*p, -4*p = h + 353 - 3505. Is p prime?
True
Suppose -11226 = -66*j + 60*j. Is j a composite number?
False
Suppose -3*u = u + 8, 4*u = -5*g + 7. Suppose g*w - 2*w - 6 = 0. Suppose w = -2*f + 56. Is f prime?
False
Suppose 5*s - 13*g - 8693 = -10*g, -3*g + 3494 = 2*s. Is s a prime number?
True
Suppose 0 = 4*z - 4716 - 844. Suppose 15*m = 10*m + z. Suppose 2*s - m = -100. Is s prime?
True
Let o(w) = -24*w + 8. Let x be o(-5). Let q = x - 49. Is q composite?
False
Suppose 7*p - 11*p + 60 = 0. Suppose t + 2 - 4 = 0. Is (p/9 - t)*-39 a prime number?
True
Suppose -10*l + 3*l + 3052 = 0. Let q = -351 - -180. Let i = q + l. Is i a composite number?
True
Suppose -i + 1082 = 5. Is i composite?
True
Suppose 3*u + 7 - 1 = 0. Let p be ((-2)/u)/(3/(-513)). Let d = p - -354. Is d a prime number?
False
Is (-1565300)/(-36) - (-16)/36 a prime number?
True
Is 27/72*8 - -141048 a prime number?
False
Suppose x - 11507 + 4429 = 0. Is x composite?
True
Let r = -34125 + 57982. Is r composite?
False
Is ((-95)/(-10))/((-3)/(-6)) prime?
True
Let o = 23957 - 12508. Is o a composite number?
True
Let z be (-4)/6 - 7/(105/20900). Let x = 2755 + z. Is x a composite number?
False
Suppose 0 = 6*r - 34*r + 387548. Is r a composite number?
False
Suppose 0 = -4*k + 8. Suppose -k*t = -167 - 807. Is t a prime number?
True
Let l(x) = 12 + 0 - 6 - 3 + 2725*x. Is l(4) composite?
False
Is 2 + 832767/65 + 8/(-10) prime?
False
Let q(k) = -k**3 + 2*k - 1. Suppose -5*c = -u + 16, 6*c + 20 = 5*u + c. Let j be q(u). Suppose 3*n + 34 + 34 = 4*t, j = t - 5*n - 34. Is t prime?
False
Let g = 6529 - -540. Is g composite?
False
Suppose 0 = 7*x - 1412 - 7422. Is x composite?
True
Let g = 17205 + -8164. Is g a prime number?
True
Suppose 4*d - 9*d + 2*y = 2463, -487 = d + y. Let o = d + 2886. Is o composite?
True
Let g = -880 - -4035. Let r =